e 13.
-1c6
Convert -1102 (base 6) to base 3.
-100102
Convert 2144 (base 7) to base 8.
1377
-211001 (base 3) to base 10
-595
Convert -11112 (base 3) to base 4.
-1322
Convert 346 (base 14) to base 6.
3002
What is 32761 (base 9) in base 2?
101010100000011
What is 10074 (base 8) in base 5?
113111
7107 (base 11) to base 12
5571
What is -24b7 (base 14) in base 16?
-1921
What is 132 (base 8) in base 5?
330
4a6 (base 11) to base 8
1130
-22110311 (base 4) to base 14
-115ad
What is -508 (base 10) in base 6?
-2204
55343 (base 7) to base 12
8062
Convert -101db (base 15) to base 8.
-143560
What is -134 (base 16) in base 8?
-464
-1213 (base 11) to base 5
-22322
Convert -1021331 (base 4) to base 3.
-20111022
-323010 (base 4) to base 16
-ec4
10001001 (base 3) to base 13
1015
-1122 (base 6) to base 13
-176
What is 112201 (base 3) in base 6?
1501
Convert -1000111201 (base 3) to base 7.
-112315
Convert -817 (base 13) to base 15.
-617
Convert -133635 (base 7) to base 3.
-1021210020
What is -1000010011011 (base 2) in base 9?
-5743
What is -5987 (base 10) in base 12?
-356b
What is 172d (base 15) in base 4?
1032001
266 (base 12) to base 4
11232
What is -2201122 (base 3) in base 8?
-3704
What is 4a8 (base 12) in base 9?
862
Convert -34253 (base 6) to base 11.
-3716
-221a (base 11) to base 7
-11346
What is -45015 (base 6) in base 3?
-22121102
Convert 122221 (base 5) to base 16.
124e
-3787 (base 11) to base 9
-6683
Convert 166 (base 15) to base 7.
636
What is 425 (base 7) in base 13?
137
What is 223213 (base 4) in base 9?
3741
-3512 (base 7) to base 16
-503
Convert 27676 (base 10) to base 4.
12300130
What is -112203 (base 4) in base 7?
-4131
1fc1 (base 16) to base 14
2d69
Convert 60284 (base 9) to base 5.
2231404
10330210 (base 4) to base 9
30711
-23334 (base 6) to base 2
-110100101010
-7b1 (base 15) to base 13
-a3c
-620 (base 7) to base 9
-372
-25451 (base 6) to base 2
-111100000111
Convert 4301 (base 8) to base 10.
2241
What is -30533 (base 12) in base 9?
-105333
What is -1101001001111 (base 2) in base 7?
-25431
Convert -3423 (base 6) to base 13.
-4a1
What is -1768 (base 11) in base 10?
-2252
10460 (base 10) to base 3
112100102
What is -2368 (base 14) in base 2?
-1100000011000
1331 (base 8) to base 15
339
Convert 2231233 (base 4) to base 9.
16224
-113 (base 11) to base 15
-90
What is 8b3a (base 16) in base 4?
20230322
374 (base 15) to base 12
554
-23e8 (base 16) to base 7
-35541
What is 2932 (base 13) in base 6?
43324
-34343 (base 5) to base 14
-c89
-1200 (base 4) to base 3
-10120
What is a86 (base 16) in base 11?
202a
30726 (base 11) to base 15
d418
Convert 552 (base 7) to base 11.
237
Convert -26 (base 16) to base 10.
-38
bc3b (base 14) to base 3
1122201000
-2077 (base 8) to base 14
-579
Convert 3232110 (base 4) to base 7.
62316
Convert -2100010012 (base 3) to base 8.
-131675
Convert 49 (base 10) to base 14.
37
11100000110101 (base 2) to base 5
430024
What is -21d (base 14) in base 3?
-120112
Convert -10733 (base 13) to base 7.
-152561
25262 (base 11) to base 13
13663
What is 2213 (base 5) in base 15?
158
-1001010010010100 (base 2) to base 9
-57152
What is -d56 (base 15) in base 7?
-11523
-401 (base 10) to base 14
-209
-55560 (base 7) to base 9
-21183
Convert -301303 (base 4) to base 11.
-2438
155 (base 7) to base 9
108
What is 11010 (base 3) in base 13?
87
What is -2102 (base 3) in base 6?
-145
What is 312 (base 6) in base 12?
98
Convert -41034 (base 5) to base 11.
-1a94
Convert -10624 (base 8) to base 2.
-1000110010100
What is -772 (base 16) in base 14?
-9a2
What is 376 (base 14) in base 12?
498
6a1 (base 11) to base 3
1011000
Convert -5a1 (base 13) to base 5.
-12401
What is -14321 (base 6) in base 7?
-6436
22781 (base 10) to base 11
16130
What is -a2 (base 16) in base 8?
-242
Convert 2005 (base 8) to base 12.
719
What is -35745 (base 9) in base 7?
-126533
Convert 1110011000110 (base 2) to base 7.
30322
-31021132 (base 4) to base 8
-151136
What is 135355 (base 7) in base 11?
18517
What is -92 (base 16) in base 10?
-146
What is -128ce (base 16) in base 10?
-75982
Convert 5678 (base 9) to base 16.
106a
What is -1c6 (base 13) in base 2?
-101001011
-1100010 (base 2) to base 12
-82
What is -23000 (base 4) in base 15?
-31e
Convert 23b (base 15) to base 8.
772
What is -721b (base 13) in base 10?
-15741
4001 (base 8) to base 2
100000000001
Convert 131233 (base 8) to base 14.
1293d
Convert 570 (base 10) to base 8.
1072
What is 22211200 (base 3) in base 11?
4929
Convert 1001 (base 7) to base 3.
110202
-5aa47 (base 11) to base 16
-156e0
Convert 4141 (base 5) to base 12.
396
What is 32212 (base 4) in base 3?
1021121
Convert 103301113 (base 4) to base 2.
10011110001010111
-41a (base 14) to base 5
-11213
507 (base 9) to base 6
1524
Convert 72820 (base 9) to base 6.
1010243
-7334 (base 8) to base 14
-155a
What is -321 (base 5) in base 2?
-1010110
What is -30cc (base 14) in base 11?
-6358
-110001101 (base 2) to base 6
-1501
1001101111011101 (base 2) to base 8
115735
Convert -1c7 (base 15) to base 6.
-1524
What is -4a7b (base 13) in base 15?
-3205
125 (base 15) to base 2
100000100
1904 (base 10) to base 9
2545
Convert -47a4 (base 12) to base 7.
-32311
32361 (base 7) to base 11
6085
Convert 151354 (base 6) to base 12.
855a
Convert -24324 (base 6) to base 14.
-143a
-10036 (base 7) to base 9
-3287
21030010 (base 4) to base 2
1001001100000100
-1679 (base 12) to base 4
-221331
What is -2684 (base 9) in base 13?
-bc5
Convert -14ca2 (base 13) to base 8.
-115125
-2456 (base 14) to base 6
-45220
-8018 (base 10) to base 2
-1111101010010
-101002100 (base 3) to base 8
-16271
What is 1427 (base 13) in base 5?
43111
Convert -2004 (base 5) to base 13.
-167
Convert 222 (base 7) to base 10.
114
What is -61544 (base 7) in base 2?
-11101010110010
What is -34 (base 16) in base 13?
-40
What is 133212 (base 5) in base 3?
21110012
-324 (base 15) to base 7
-2032
1115 (base 8) to base 14
301
What is 7575 (base 10) in base 4?
1312113
Convert 62243 (base 8) to base 11.
183a1
Convert -2110212 (base 3) to base 7.
-5156
What is 1244 (base 7) in base 14?
25b
Convert -10320 (base 6) to base 3.
-1221110
17e6 (base 15) to base 16
142e
What is -14763 (base 8) in base 7?
-25240
What is 140 (base 6) in base 4?
330
28a (base 13) to base 7
1214
-bc3c (base 14) to base 12
-16a3a
What is -22120 (base 4) in base 16?
-298
What is 1112 (base 10) in base 11?
921
What is -1436 (base 11) in base 3?
-2112200
Convert -12744 (base 10) to base 4.
-3013020
What is -11026 (base 7) in base 3?
-10210101
-30343 (base 5) to base 2
-11110110101
-1aa (base 13) to base 16
-135
Convert -464 (base 12) to base 10.
-652
Convert 14479 (base 10) to base 11.
a973
What is 1015222 (base 6) in base 12?
24512
What is -838 (base 11) in base 12?
-701
Convert 1030033 (base 4) to base 6.
34331
Convert -1360 (base 8) to base 4.
-23300
Convert -3a2 (base 12) to base 14.
-2b8
Convert 11101000 (base 2) to base 4.
3220
Convert -102113 (base 4) to base 16.
-497
What is 1001000010010 (base 2) in base 14?
1986
-854 (base 13) to base 9
-1848
-1121220211 (base 3) to base 11
-22067
Convert 686 (base 10) to base 3.
221102
What is 31223 (base 8) in base 11?
9800
Convert -53058 (base 10) to base 16.
-cf42
Convert 2212210 (base 3) to base 16.
834
What is -235 (base 14) in base 12?
-307
Convert -2054 (base 8) to base 10.
-1068
What is -233020 (base 4) in base 9?
-4121
1084 (base 13) to base 3
10011101
What is 1010001001 (base 2) in base 9?
801
Convert 1145 (base 9) to base 14.
44b
-10201 (base 3) to base 9
-121
What is 4482 (base 11) in base 7?
23124
-3b52 (base 16) to base 2
-11101101010010
What is 17616 (base 11) in base 10?
24701
1322124 (base 5) to base 7
140242
Convert 1100001111100101 (base 2) to base 8.
141745
Convert -1130123 (base 4) to base 7.
-23150
What is 2ded (base 16) in base 12?
6979
Convert 511 (base 7) to base 4.
3331
Convert 3231102 (base 4) to base 5.
441221
Convert -34720 (base 9) to base 7.
-124410
Convert 25434 (base 7) to base 13.
30b4
12202000 (base 3) to base 6
31213
What is -7282 (base 11) in base 7?
-40063
Convert -33332 (base 7) to base 8.
-20322
What is -1000010 (base 2) in base 14?
-4a
Convert 7b4e (base 15) to base 3.
1022220102
505103 (base 6) to base 9
60773
294 (base 10) to base 7
600
Convert 4038 (base 9) to base 11.
2243
What i